 first derivative of y(z). Calculate q(-4).
8
Let c(d) = -13*d + 14. Let q(f) = -163*f + 1795. Let v be q(11). Determine c(v).
-12
Let k(v) be the second derivative of 5/6*v**3 + 2*v + 25/2*v**2 + 4. Let h be k(-3). Let w(s) = -s**2 + 12*s - 12. Give w(h).
8
Let n(d) = 11*d + 101. Let c be n(-9). Let h(g) = -49*g - 3*g**2 - 48*g - 8 + 138*g - 52*g + c*g**2. Calculate h(-10).
2
Let g = -2866 - -2868. Let j(u) = -4*u - 4. Determine j(g).
-12
Let r be (0 + -2)*(14/(-56) + (-164)/(-16)). Let f(v) = v**3 + 22*v**2 + 39*v - 19. Calculate f(r).
1
Let z(k) = 5*k**3 - 24*k**2 + 27*k + 17. Let m(s) = s**3 - 6*s**2 + 7*s + 4. Let w(u) = 9*m(u) - 2*z(u). Suppose -5*d - 29 = 6. Give w(d).
-12
Let i = -5974 + 5980. Let v(r) = r**3 - 5*r**2 - 13*r + 11. Determine v(i).
-31
Let o(r) = -2*r**3 + 9*r**2 + 6*r - 8. Let z(i) = -i**3 + 7*i + 11. Let c be z(3). Give o(c).
-3
Let g(r) be the second derivative of r**3/3 + r**2/2 + r. Let b be (2/(-1) + (-728)/(-196))*21/4. Give g(b).
19
Let f(w) = -10*w - 322. Let v(o) = 63*o + 2253. Let a(j) = 27*f(j) + 4*v(j). Determine a(18).
-6
Let l(u) = -u**3 + 4*u**2 - 3*u + 5. Let f be l(3). Suppose 12 = b + f*b. Suppose -4*m + b*m = 4. Let y(x) = -x**3 - x**2 - 2. Calculate y(m).
2
Let y(p) = 6 + 317*p + 312*p - 1261*p + 319*p + 318*p. Let k = -11 - -18. Suppose 2*d = -5*m + k, 5*d + 2 = -m - 15. Calculate y(d).
-14
Let z(p) = 10*p + 57. Let t be 24/96 + (-21)/4 + 0. Give z(t).
7
Suppose -29*b + 34*b + 68 = 2*y, 0 = -4*y - 4. Let d(z) = -4*z - 53. Give d(b).
3
Let k = 1832 - 1829. Let f(v) = -44*v + 119. What is f(k)?
-13
Let b(v) = -v**2 - 34*v - 232. Suppose l + 5*x = -9, -130 = -l + 4*x - 139. Give b(l).
-7
Let g(d) = -181*d + 16470. Let j be g(91). Let u(l) = -13*l + 5. Let s(y) = 66*y - 26. Let m(n) = -3*s(n) - 16*u(n). What is m(j)?
-12
Suppose 10 = -2*k - 5*p + 358, 4*k - 5*p - 756 = 0. Let q(o) = 357 + o - 188 - k. Calculate q(8).
-7
Let x(v) = v**2 + 6*v + 6. Let b(h) = -3*h**2 - 17*h - 19. Let u(j) = b(j) + 2*x(j). What is u(-7)?
-21
Let o(r) = 2*r. Let k(w) = -8*w - 9. Suppose 5*g + 0*g + 2*y = -3, g + 3*y = -11. Let m(v) = g*k(v) + 2*o(v). Give m(-4).
7
Suppose -15 = -5*d, 4*r + 5 = -5*d - 0*d. Let c(a) = -3*a**2 - 2*a - 8. What is c(r)?
-73
Let o(i) be the second derivative of i**4/12 - i**3 + 5*i**2/2 - 3585*i. Determine o(5).
0
Let i(w) = -20*w + 45 + 48*w - 165 - 24*w. Let l be i(28). Let h(c) = -c - 6. Give h(l).
2
Let b(f) = -f - 6. Suppose -17*d + 25 = -213. Suppose 5*x + 27 = 16*j - d*j, 26 = -2*x - 3*j. Give b(x).
1
Let t(x) = 3*x**2 - 4*x - 3. Let y = -726 - -736. Suppose 4*r = 16*i - 13*i - 32, -2*r - y = 0. Determine t(i).
29
Suppose 189*f - 193*f + 8 = 0. Suppose -v - 3 = f*z, 0 = -2*v - 8*z + 13*z + 39. Let m(l) = l**2 - 4*l + 4. What is m(v)?
25
Let w(x) be the second derivative of x**4/12 - 17*x**3/6 - 45*x**2/2 - 9*x + 188. What is w(17)?
-45
Let h(b) be the third derivative of -b**6/80 - b**5/120 + 7*b**4/12 + 7*b**2 - 1. Let d(y) be the second derivative of h(y). Determine d(1).
-10
Let g(s) = -s + 3. Let p(o) = 2*o**2 + 10*o - 14. Suppose 6*m - 25 = m. Let v be p(m). Let i = -84 + v. Give g(i).
1
Let j(s) = 14*s - 136. Let r be j(10). Let q(a) = -2 + r - 163*a + 164*a + 2. What is q(-4)?
0
Suppose 108*d = 394*d - 4004. Let m(j) = -j**2 + j - 1. Let z(s) = -s**3 + 7*s**2 + 21*s - 19. Let y(t) = 6*m(t) - z(t). Calculate y(d).
-1
Let t(g) be the third derivative of 16 + 0*g + 2*g**2 - 1/24*g**4 + 19/6*g**3. Determine t(10).
9
Let t(y) be the third derivative of -17*y**4/8 + 5*y**3/3 - 577*y**2. Determine t(3).
-143
Let u(f) be the first derivative of 9*f - 6 - 1/2*f**2 + 4/3*f**3. Let i(o) be the first derivative of u(o). What is i(-1)?
-9
Let b(g) = -g + 9. Let z be b(8). Suppose -5*j + 6 + 89 = 0. Let m(h) = j*h**2 - h - 30*h**2 + 16*h**2. Calculate m(z).
4
Let z = -1835 + 1838. Let s(m) = -m**3 + m**2 + m + 4. Let d be s(0). Let a(k) = -z + 8*k - d*k + 3 + 3. Determine a(-2).
-5
Let y(z) = -3*z**2 + 78*z - 450. Let f be y(9). Let i(n) be the third derivative of n**6/120 - 3*n**5/20 + n**4/12 - n**3/6 + 3*n**2. Calculate i(f).
17
Suppose -4 = -2*x + 3*y - 9, 4*x - 3*y + 1 = 0. Let m(b) = b - x + 13 - 10. Give m(-5).
-4
Suppose 7*u - 16 + 2 = 0. Let q(z) = -371 + 4*z**u + z - 2*z + 369 - 5*z**2. Give q(0).
-2
Let z be (10 - (-6 + 17))*(68/2)/2. Let s(r) = -35*r - 589. Give s(z).
6
Let u(r) = 14*r - 100. Let q(a) = 40*a - 311. Let k(l) = 3*q(l) - 8*u(l). Determine k(16).
-5
Let h(a) be the second derivative of 281*a - 25/2*a**2 + 0 + 1/3*a**3. What is h(14)?
3
Let w(x) = x**2 - 7*x - 11. Suppose 0 = 5*z, 4*h - 2*h + 5*z - 16 = 0. Suppose 0 = -0*m + h*m - 208. Suppose -32*t = -m*t - 54. What is w(t)?
7
Suppose -4*d = 5*w - 7*w - 36, 3*w = -2*d - 14. Let c be 12/w - (-2 - (-34)/(-4)). Let q(o) = o**2 - 10*o + 9. What is q(c)?
0
Let h(z) = -z**3 - z**2 - 1. Let f be (-7)/(-2)*24/14. Suppose -b = -3*r + f, -r + 2*b = 7*b + 14. Let t be r/6 - 3/18. Determine h(t).
-1
Let v(t) = -10*t - 149. Let c = 12198 + -12214. Give v(c).
11
Let f(p) = -p**3 - 6*p**2 + 14*p - 6. Let n be f(-8). Let w(l) = n*l + 2*l + 4*l**2 + 4 - 7*l - l**3 - 5. Determine w(5).
-1
Suppose -21 = -4*v - 3*y, 8*y = v + 11*y - 3. Let s = 9 + -6. Let t(k) = 4*k - s*k - 9 + 5*k - 3*k. What is t(v)?
9
Let n(b) = b**2 - 5*b - 26. Let c be n(9). Let s(i) = c*i - i - 3*i. What is s(-2)?
-12
Let h(l) = 4 - 1 + 0 + l. Let f(b) = b**2 + 13*b - 14. Let q be f(-12). Let m be (42/(-126))/(-1 - q/24). What is h(m)?
-1
Suppose 5*d - 15 = -4*z, d - 74 = -3*z - 49. Let s(a) = 2*a**3 - 19*a**2 - 11*a + 9. Give s(z).
-1
Let s(r) = r**3 - 14*r**2 + 10*r - 15. Suppose -62*d = -61*d + 5*q - 48, 4*d - 3*q - 31 = 0. Calculate s(d).
-54
Let l be (10/(2 + -3))/((-5)/2). Suppose -l*v = 3*v. Let b(p) = -p**2 - 7. Determine b(v).
-7
Let m(t) be the third derivative of t**5/15 - t**4/8 + 258*t**2. Determine m(3).
27
Let x(j) = -2. Let v(k) = -k**2 + 9*k - 7. Let l(w) = v(w) - 2*x(w). Let s(c) = 2*c - 14. Suppose -10*h + 20 = -8*h. Let r be s(h). Give l(r).
15
Let p(y) = -y - 1. Let n be p(-4). Let q(x) = 2*x**n + 72 - 3*x**2 + 16*x**2 - 3*x**3 - 46 - 2*x. Let r be q(13). Let d(w) = w + 3. Determine d(r).
3
Let g(j) be the second derivative of 5/12*j**4 + 1/2*j**2 + 14*j + 5/6*j**3 - 1/20*j**5 + 2. Calculate g(6).
-5
Suppose 0 = -h + 3*h. Let y(a) be the third derivative of a**6/120 - a**5/60 + a**4/24 + a**3 + 16256*a**2 - a. Calculate y(h).
6
Let h(m) = -9*m - 20. Let g be h(-1). Let d(o) = -o**2 - 11*o - 11. Calculate d(g).
-11
Let i(u) = -4*u**2 - 18*u - 53. Let r(h) = -h**2 + 48*h - 259. Let x be r(6). Let s(a) = -3*a**2 - 12*a - 38. Let j(c) = x*s(c) + 5*i(c). Determine j(4).
-7
Let j(y) = 5*y**2 + 4*y - 3. Let o(s) = 71*s + 4335. Let p be o(-61). Give j(p).
93
Suppose 0 = -4*a + 4, -q - 82*a + 19 = -78*a. Let m(y) = -4*y + 43. Determine m(q).
-17
Let v(u) = -u + 54. Let i be v(50). Let q(g) = -2*g**2 + 106 + g**3 + g - i*g**2 + 0*g**2 - 113. Give q(6).
-1
Let d be 10*(-3)/18 + (-3)/(18/(-100)). Let z(l) = -l**3 + 15*l**2 + 3*l - 49. Give z(d).
-4
Let u(q) = q**3 + 4*q**2 + 2*q + 1. Let o = -133 + 134. Let i be (0 + o + -7)/(-12 - -14). What is u(i)?
4
Let j(i) = 4*i - 100. Let u(x) = 21*x**2 - 110*x + 111. Let q be u(1). Calculate j(q).
-12
Let k(d) = d**3 - 6*d**2 + 3*d - 1. Let w = 495 + -494. Let z = -4 - -7. Suppose w = h + z*l - 2, -h + 3 = l. Calculate k(h).
-19
Let q(c) = -1 - c**3 - 16*c**2 + 4*c**2 + 9*c**2 - 2*c. Let l = 5326 + -5329. Give q(l).
5
Let g = 29510 - 29508. Let u(o) be the second derivative of -2 + 4/3*o**3 - 7/12*o**4 - g*o**2 - 34*o + 1/20*o**5. What is u(6)?
8
Suppose 5*x = 7*x + 84. Let m = x + 29. Let w(b) = b**3 + 13*b**2 + 2*b + 20. Let p be w(m). Let z(k) = k**3 + 6*k**2 + k - 6. Calculate z(p).
-12
Let c = -15 - -148. Suppose -12*u + 31*u + c = 0. Let h(x) = -x**2 - 7*x. Calculate h(u).
0
Let j(c) be the second derivative of -c**4/8 - 40*c**2 + 65*c + 2. Let d(o) be the first derivative of j(o). Give d(4).
-12
Let d(b) = -2*b**2 - b - 4 + 4*b - 2 - 12*b. Let c be (-84)/4410*21 + -18*(-2)/(-10). Determine d(c).
-2
Let z(a) = -123*a - 5660. Let j be z(-46). Let p(i) = 2 + 4*i - 2*i**2 + 5*i**2 + 6*i**2. Determine p(j).
30
Let s(m) be the first derivative of m**5/20 + m**4/12 - m**3/6 + 676*m + 60. Let a(w) be the first deri